105
Let b(t) = 7*t**2 - 260*t - 16161. What is b(70)?
-61
Let r(p) = -429*p + 69047. Give r(161).
-22
Let o(s) = 2*s**3 - 32*s**2 - 958*s + 15336. Give o(16).
8
Let g(j) = -7*j**3 - 3*j**2 - 3*j - 138. Determine g(-6).
1284
Let n(r) = 20*r + 1267. Calculate n(-79).
-313
Let q(v) = -364790*v + 2918323. Give q(8).
3
Let t(o) = -5320*o - 1319363. Calculate t(-248).
-3
Let r(s) = -2*s**3 + 15*s**2 + 9*s + 416. Determine r(10).
6
Let j(g) = -g**3 + 31*g**2 + 7038*g + 3229. Determine j(101).
-3
Let k(l) = 2729*l + 22196. What is k(-8)?
364
Let x(u) = 89*u**2 - 896*u - 910. Give x(11).
3
Let c(u) = u**3 + 40*u**2 + 127*u + 2705. Calculate c(-34).
5323
Let i(o) = -74*o**2 - 530*o + 1053. Determine i(2).
-303
Let l(j) = j**3 + 46*j**2 + 83*j - 126. What is l(-45)?
-1836
Let m(o) = 272*o + 59561. What is m(-219)?
-7
Let z(k) = -3*k**2 + 1015*k - 81307. Determine z(206).
475
Let k(i) = -2868*i + 60186. Calculate k(21).
-42
Let q(d) = -127268*d + 3563510. Calculate q(28).
6
Let l(a) = -5258*a + 2965515. Calculate l(564).
3
Let s(p) = p**2 - 32*p + 273. Calculate s(19).
26
Let i(b) = b**3 - 61*b**2 + 15*b + 9257. What is i(58)?
35
Let d(v) = 15*v**3 + 15*v**2 + 51*v + 45. What is d(-2)?
-117
Let t(d) = -d**2 - 4682*d + 131876. Determine t(28).
-4
Let o(c) = 1325*c**2 - 13259*c - 28. Calculate o(10).
-118
Let j(l) = l**3 - 13*l**2 + 117*l - 707. Calculate j(9).
22
Let n(b) = 3555476*b + 3555452. Determine n(-1).
-24
Let b(o) = -o**3 + 68*o**2 - 336*o - 49. What is b(6)?
167
Let l(t) = 1066585*t + 4266348. Give l(-4).
8
Let z(m) = m**2 - 29*m - 40. Calculate z(0).
-40
Let g(i) = -3*i**3 + 9*i**2 + 330*i + 3. Give g(0).
3
Let g(w) = w**2 - 151*w - 2316. Determine g(-14).
-6
Let d(l) = -l**2 + 45*l - 220. Give d(17).
256
Let z(l) = 393*l + 62818. What is z(-160)?
-62
Let o(c) = -8*c**3 + 95*c**2 + 281*c + 2. Calculate o(-3).
230
Let q(p) = 1004*p + 3036. Give q(-3).
24
Let u(c) = 143624*c + 431024. Determine u(-3).
152
Let o(x) = 283*x + 25350. Calculate o(-90).
-120
Let y(a) = a**3 - 109*a**2 - 2696*a + 33824. Determine y(128).
32
Let o(y) = -3*y**2 - 20*y + 135. What is o(6)?
-93
Let x(t) = 4*t**2 + 6848*t - 20531. What is x(3)?
49
Let k(z) = z**3 + 559*z**2 - 14780*z - 11183. Give k(26).
-3
Let n(r) = 6*r**3 + 16*r**2 - 168*r - 543. What is n(-4)?
1
Let v(t) = 3*t**2 + 14294*t - 3274279. Give v(219).
-10
Let x(f) = f**3 - 109*f**2 - 101*f - 979. Calculate x(110).
11
Let u(g) = -59204*g + 532842. Give u(9).
6
Let i(s) = -802*s + 311715. Give i(388).
539
Let x(f) = -228*f - 18134. Give x(-77).
-578
Let k(g) = g**2 - 13591*g + 40760. Give k(3).
-4
Let n(a) = 585308*a + 6438399. Give n(-11).
11
Let l(h) = -3*h**2 + 121*h - 984. What is l(10)?
-74
Let p(f) = -2*f**3 - 453*f**2 - 625*f - 90002. Calculate p(-226).
172
Let z(h) = h**3 + 29*h**2 - 26*h + 159. Give z(-7).
1419
Let h(a) = -8*a**2 - 2505*a + 33536. Give h(-326).
-42
Let i(p) = -51*p**2 - 335*p + 1696. What is i(5)?
-1254
Let d(y) = -4*y**2 - 2859*y - 41978. Calculate d(-15).
7
Let w(h) = -116*h + 3935. Calculate w(26).
919
Let r(q) = -3188*q + 972461. What is r(305)?
121
Let i(z) = 855*z + 21433. What is i(-25)?
58
Let o(x) = 28*x**3 - 107*x**2 - 943*x + 15. What is o(8)?
-41
Let a(c) = -c**3 - 575*c**2 - 2257*c + 15247. Give a(-571).
-170
Let f(l) = -13*l**2 + 3411*l - 24161. Give f(255).
319
Let b(n) = -768354*n - 2305086. What is b(-3)?
-24
Let a(n) = n**2 + 127991*n - 3328360. What is a(26)?
82
Let g(w) = -2*w**3 - 637*w**2 - 7359*w - 8. Give g(-12).
28
Let j(k) = -k**2 + 732*k + 28408. Calculate j(-37).
-45
Let k(x) = -5*x**2 + 3238*x - 82584. Determine k(621).
9
Let d(g) = 2*g**3 - 5*g**2 - 11*g - 1451. Calculate d(0).
-1451
Let g(j) = j**3 - 111*j**2 + 2209*j - 19. Calculate g(26).
-45
Let t(f) = -21*f**2 + 540*f - 2775. Determine t(18).
141
Let s(z) = 6*z**3 - z**2 + 941*z - 3824. What is s(4)?
308
Let k(n) = -3770*n + 667303. Give k(177).
13
Let f(g) = -54*g**2 + 58*g + 2237. What is f(7)?
-3
Let p(y) = y**2 + 13851*y + 2945133. Calculate p(-216).
-27
Let v(p) = 2*p**3 + 335*p**2 + 135*p - 5343. Give v(-167).
1
Let y(l) = -74*l**2 + 18868*l + 511. What is y(255)?
1
Let h(i) = 5*i**2 + 1120*i + 53421. Determine h(-155).
-54
Let w(m) = -3*m**2 + 2693*m - 2694. Calculate w(1).
-4
Let f(o) = 4428*o + 10725. Calculate f(-3).
-2559
Let k(t) = -344*t + 7524. Calculate k(29).
-2452
Let m(g) = 7*g**3 - 4*g**2 - 438*g - 874. Determine m(-2).
-70
Let s(v) = -v**2 - 300*v - 2919. What is s(-10)?
-19
Let d(z) = -5*z**3 + 17*z**2 - 45*z + 4. What is d(3)?
-113
Let w(k) = -k**2 - 1107*k - 288531. Calculate w(-420).
9
Let a(w) = 20052*w - 160453. Calculate a(8).
-37
Let h(o) = -36349*o + 835990. Determine h(23).
-37
Let r(p) = -1057*p + 2015. Give r(0).
2015
Let w(j) = 4*j**3 - 32*j**2 + 15*j + 36. What is w(6)?
-162
Let q(r) = 302*r**2 - 196*r - 74. Give q(3).
2056
Let s(n) = 64380*n + 193136. Determine s(-3).
-4
Let s(f) = -45875*f + 275238. Calculate s(6).
-12
Let j(b) = 18068*b**2 + 7*b + 4. Determine j(0).
4
Let r(k) = -2941*k - 585256. Give r(-199).
3
Let m(z) = -z**3 + 10*z**2 + 188*z + 525. Determine m(-6).
-27
Let o(f) = -542*f**2 + 4794*f + 760. Determine o(9).
4
Let z(n) = -2*n**2 - 205*n + 192880. Calculate z(-366).
-2
Let w(r) = -104221*r + 208452. What is w(2)?
10
Let s(g) = -g**3 - 11*g**2 + 6852*g + 34255. Determine s(-5).
-155
Let q(d) = -d**3 + 32*d**2 - 34*d + 221. Calculate q(31).
128
Let q(y) = 11233339*y - 44933352. Give q(4).
4
Let l(t) = -40*t**2 - 4484*t + 4062. Calculate l(-113).
-6
Let f(w) = -4*w**2 + 15773*w - 94494. Determine f(6).
0
Let h(p) = 27*p**2 + 711*p + 3763. Determine h(-19).
1
Let o(j) = 52*j**2 - 1051*j - 2116. Calculate o(-2).
194
Let h(d) = -30*d**3 + 92*d**2 - 365*d - 70. Determine h(4).
-1978
Let z(y) = 55*y**2 + 2249*y - 147. Determine z(-41).
99
Let t(n) = -2*n**3 - 29*n**2 - 1677*n - 23292. What is t(-14)?
-10
Let z(k) = 192*k - 3384. What is z(15)?
-504
Let l(a) = 5666*a - 11340. Calculate l(2).
-8
Let g(m) = 2*m**2 + 103*m - 4420. Give g(28).
32
Let p(w) = -1025*w**2 - 2197*w + 2198. Give p(1).
-1024
Let t(q) = 2*q**2 - 163*q + 2131. Calculate t(11).
580
Let n(b) = 60*b**3 + 27955*b**2 - 2334*b - 1886. Determine n(-466).
-22
Let c(u) = 625*u**2 - 4480*u + 745. What is c(7)?
10
Let h(s) = 14*s**3 + 3*s**2 + 863*s - 3406. What is h(4)?
990
Let m(w) = 687*w**2 + 124344*w - 301. What is m(-181)?
242
Let t(y) = y**2 + 1224543*y - 11020960. Determine t(9).
8
Let h(p) = 8906*p + 89063. Determine h(-10).
3
Let x(p) = -8*p**2 - 6758*p - 74296. Calculate x(-11).
-926
Let u(d) = 5*d**3 - 94*d**2 + 322*d + 204. Determine u(14).
8
Let n(r) = 12*r**2 + 194*r + 913. Give n(-8).
129
Let b(c) = -140654*c + 5907462. Determine b(42).
-6
Let g(h) = -50*h**2 + 108*h + 107. Give g(6).
-1045
Let r(q) = -q**3 + 179*q**2 - 5894*q - 18212. Give r(134).
12
Let p(m) = -2684*m + 397204. Calculate p(148).
-28
Let r(w) = -698*w + 122791. Calculate r(176).
-57
Let q(k) = -k**2 + 430*k - 41478. Give q(146).
-14
Let k(b) = 2*b**2 - 28*b - 49062. Give k(165).
768
Let f(s) = -84*s + 2909. Give f(33).
137
Let z(d) = -3*d**3 + 898*d**2 + 278*d + 96552. Give z(300).
-48
Let j(s) = s**3 + 37*s**2 + 73*s - 524. Determine j(-7).
435
Let z(t) = -2*t**3 + 1075*t**2 - 21696*t - 63. Give z(21).
-126
Let p(w) = w**3 + 56*w**2 + 78*w + 1035. Give p(-55).
-230
Let t(x) = -29194*x + 4379098. Determine t(150).
-2
Let i(o) = -734*o - 53997. Determine i(-73).
-415
Let v(s) = -s**3 + 7*s**2 + 4257*s + 1470. Determine v(69).
21
Let n(r) = -82432*r + 247283. Calculate n(3).
-13
Let n(x) = -x**3 - 50*x**2 + 1904*x + 2189. Determine n(-75).
14
Let d(q) = 1815*q + 302. What is d(-1)?
-1513
Let t(s) = 805*s - 15405. What is t(21)?
1500
Let g(i) = -251*i**2 - 79568*i - 351. What is g(-317)?
-34
Let f(a) = 12403*a - 1922458. Give f(155).
7
Let o(p) = p**3 + 676*p**2 + 113088*p + 119. Give o(-372).
119
Let r(d) = -2*d**3 + 194*d**2 + 1138*d - 12035. Determine r(102).
1
Let i(y) = -2*y**3 + 103*y**2 + 128*y + 1739. Give i(53).
96
Let l(m) = 8*m**3 - 248*m**2 - 29*m + 62. Determine l(31).
-837
Let i(k) = 2340*k - 14314. What is i(6)?
-274
Let z(k) = -2*k**3 - 4*k**2 - 2819*k - 5634. Determine z(-2).
4
Let f(p) = -4677*p - 219388. Determine f(-47).
431
Let f(n) = -452795*n - 4075161. Calculate f(-9).
-6
Let z(k) = 76*k